e the prime factors of i?
61
Let s(y) = -y**2 - 16*y - 30. Let b be s(-11). Suppose -4*d - k - 178 = -5*d, b = 5*k. What are the prime factors of d?
3, 61
Let r(p) = 27*p + 2. Suppose 0 = 4*x - 5*v - 27 - 22, -4 = 4*v. Let k be (6 - x)*2/(-5). What are the prime factors of r(k)?
2, 7
Suppose t = 3*k + 4210, k - 2 = -1. List the prime factors of t.
11, 383
Suppose -p + 125 = -63. List the prime factors of p.
2, 47
Suppose -y = 5*c - 904, -2*c - 31 + 395 = -2*y. What are the prime factors of c?
181
Suppose 0 = 61*r + 45481 - 256358. What are the prime factors of r?
3457
Let d(f) = -f**3 - 6*f**2 - 3*f + 12. Let w be d(-5). Suppose -3*k = w*s - 60, -60 = 3*k - 7*k + 4*s. What are the prime factors of k?
2, 3
Let c = 7 + 21. Suppose o + c = 3*o. What are the prime factors of (60/(-35))/((-4)/o)?
2, 3
Let r(w) = -2*w**2 + 7*w + 8. Let o be r(13). Let k = o - -23. What are the prime factors of (1/2)/((-4)/k)?
3
Suppose 4*q + 16 = 0, -50*b + q = -54*b + 2376. List the prime factors of b.
5, 7, 17
Let b be 987/28 + 3/(-12). Let n = b + 81. What are the prime factors of n?
2, 29
Suppose -5*j - v = 15, 3*j + 7 = 5*j + 3*v. Let w be 2/j - 19/2. Let n(c) = c**3 + 11*c**2 + 10*c + 15. What are the prime factors of n(w)?
3, 5
Suppose -31*w + 552625 = 94*w. What are the prime factors of w?
4421
Suppose 0 = 9*i - 4*i, 0 = -d + 3*i + 379. What are the prime factors of d?
379
Let v be 1 + -3 - (-9 + 3). What are the prime factors of (1 - -60) + v - 3?
2, 31
Suppose -2*j + 14 = -5*x, -x = -2*x. Let r(z) = -z**3 + 7*z**2 + z + 2. What are the prime factors of r(j)?
3
Suppose -4*n - 2334 = -f, -4*f + 8288 + 1034 = -2*n. List the prime factors of f.
2, 5, 233
Suppose 0*y = -3*y - 4*g - 8, 5*g + 29 = y. Let v be y + (-344)/(0 - 2). Let w = v + -125. What are the prime factors of w?
3, 17
Let h be (32/3)/(-4)*78/(-4). Suppose -127 = -3*p - h. What are the prime factors of p?
5
Suppose -y = -8 - 0. Let z = y + -6. Suppose -2 = -t + 2*o + 22, z*o - 8 = 0. List the prime factors of t.
2
Suppose -2*l = -i + 11, 4*i = -5*l + 4*l + 17. Let h(u) = -2*u**2 - 2*u + 9. Let v be h(i). Let f = v + 76. What are the prime factors of f?
5
Let j(n) be the first derivative of n**4/2 - n**3/3 - 5*n**2/2 + 4*n - 5. Let d be j(3). Suppose m = -0*m + d. What are the prime factors of m?
2, 17
Let l(v) = -2*v. Let q(t) = -5*t. Let w(c) = 7*l(c) - 3*q(c). Let x(h) = -4*h + 7. Let k(o) = 5*w(o) - x(o). List the prime factors of k(4).
29
Suppose 96 = 3*b - 144. Suppose -5*x + b = -x. What are the prime factors of x?
2, 5
What are the prime factors of (0 + (4 - 19/2))*-42?
3, 7, 11
Suppose -1164 = 2*l + 172. Let m = -5 - 7. What are the prime factors of (-8)/12 + l/m?
5, 11
Suppose -4339 = -0*t - 4*t - l, 5*l = 3*t - 3283. List the prime factors of t.
2, 3, 181
Let x be (-6)/2 - (-1 - 13). Let r = x - 5. What are the prime factors of 82/r - 10/15?
13
List the prime factors of ((-685)/4)/((-5)/8).
2, 137
Let y = -4702 - -8397. List the prime factors of y.
5, 739
Suppose 5*h + 2915 = 2*z, 0 = -z + 2*h - 6*h + 1464. What are the prime factors of z?
2, 5, 73
List the prime factors of (3012/15)/((-10)/(-25)).
2, 251
Suppose -2*v + 76 = 3*t, 0 = -2*v - v + 5*t + 95. Let p = -1 - -4. Suppose -h + v = p*a, 24 = h + a - 1. What are the prime factors of h?
2, 5
Suppose -1458 = -2*i + 1468. Suppose 4*c + i = 15*c. What are the prime factors of c?
7, 19
Suppose 0 = -2*v + 3*c + 1, 6*c = 2*c + 4. Suppose 4 = -2*y - 4*r + 2*r, v*y + 14 = -4*r. List the prime factors of (24/(-1))/(y/(-2)).
2
Let u(n) = n**2 + 5*n - 6. Let x = 38 + -33. List the prime factors of u(x).
2, 11
Suppose 2*q = 3*q. Let h(g) = -2*g**2 + g**2 + 2*g + q + 4*g + 2. What are the prime factors of h(5)?
7
Suppose -3*o + 11 - 1 = -2*f, 0 = 5*o + 5*f. Suppose 5*a - 43 = -k + 137, 95 = 3*a - o*k. List the prime factors of a.
5, 7
Suppose -6*a + 15049 = -6299. What are the prime factors of a?
2, 3, 593
Let j(z) = -z**3 + 11*z**2 + 12*z + 7. Let f = 24 + -12. Let c be j(f). List the prime factors of (-232)/(-14) - (-3)/c.
17
Let c(j) = j**3 - 3*j**2 - 3*j - 2. Let q be c(4). Suppose 0 = a + q*a - 5*s - 338, s + 110 = a. What are the prime factors of a?
2, 53
Suppose -7*t = 257 - 33283. List the prime factors of t.
2, 7, 337
Suppose i - 590 = 3*h + h, 1180 = 2*i - 5*h. List the prime factors of i.
2, 5, 59
Suppose 2*p - 6*p - 2*q = 124, 2*p + 5*q = -62. Let l = p - -56. List the prime factors of l.
5
Suppose 3*u - 8*u + 2100 = 0. List the prime factors of u.
2, 3, 5, 7
Let h = 3 + 0. What are the prime factors of -1 + (0 - (0 - h))?
2
Let c(z) = -z**3 - 9*z**2 - 6*z - 5. Let b be ((-1)/(-1) + -4)*3. What are the prime factors of c(b)?
7
Suppose s = 3*s + 2*x - 1148, 2*x = -10. List the prime factors of s.
3, 193
Let v be 230/(4 + -2) - (22 + -20). Suppose -q = 3*h - v, 0*q - 5*h = -4*q + 503. What are the prime factors of q?
2, 61
Let k = -3 - -6. Suppose -2*f + 3*x = -k*f + 13, -4*f = x + 3. What are the prime factors of (f + 3)*-2*-8?
2
Let i(m) = m**3 - 3*m**2 + 3. Let r be i(3). Let j be (3 - r - 3) + 90. Suppose 0 = -2*b + t + j, -3*b + 5*t - 31 + 179 = 0. What are the prime factors of b?
41
Let b = -172 + -86. Let x = b + 372. What are the prime factors of x?
2, 3, 19
Let k(y) = -2*y**3 - 8*y**2 + 5*y + 11. Let c(f) = f - 15. Let q be c(9). What are the prime factors of k(q)?
5
Let u = 69 + -44. Let q = 66 + u. What are the prime factors of q?
7, 13
Let h(z) = 119*z - 452. List the prime factors of h(12).
2, 61
Suppose -4*l - 2 = -a + 1, l = 5*a - 15. Suppose 3*f - 174 = v, -4*f - 2*v + 232 = a*v. List the prime factors of f.
2, 29
Suppose -30*a + 36*a = 9936. What are the prime factors of a?
2, 3, 23
Suppose 2*d = -5*s - 1114 + 11695, 2*s = -10. List the prime factors of d.
5303
Suppose -55 = -a + 4*o, 3*o - 50 = 5*a - 308. List the prime factors of a.
3, 17
Suppose -37 = -5*f - 4*y, -4*y + 18 = f + 1. Suppose -2*d - 3*d = f. Let b = 3 - d. List the prime factors of b.
2
Let w(u) = 2*u - 6. Let c(y) = -y**3 - 4*y**2 - 2*y - 5. Let m be c(-4). Let t(p) = -5*p + 17. Let h(q) = m*t(q) + 8*w(q). What are the prime factors of h(4)?
7
List the prime factors of ((-4)/(8/6))/(93/(-27652)).
2, 223
Suppose -263*y + 39345 = -248*y. What are the prime factors of y?
43, 61
Let g = 118 + -41. Suppose g = -3*x + 371. Suppose 11*b = 13*b - x. List the prime factors of b.
7
Let v(z) = -z**3 + 16. Suppose 0*n + n - 2 = 0. Suppose 5*y - 4 = -4*j, -n*y + 1 = -0*j + j. What are the prime factors of v(y)?
2
Let i(t) = 8*t**2 - 18*t - 469. List the prime factors of i(-17).
7, 307
Suppose -s = -6*s - 30. List the prime factors of ((1 + -9)*s)/1.
2, 3
Suppose -15*w + 3*w = -27036. What are the prime factors of w?
3, 751
Let h(o) = -o**2 + 8*o - 10. Let p be h(6). Suppose -4*n - p*k = 3*k - 425, 2*k - 310 = -3*n. List the prime factors of (-2)/14 + n/14.
7
Suppose -5*k = 3*b - 2*b - 11, -5*b + 3*k = 85. List the prime factors of b/4*(-96)/28.
2, 3
Let g = 1725 + -450. List the prime factors of g.
3, 5, 17
Suppose -12*n + 18634 = -n. What are the prime factors of (17/(-3))/(-9 - n/(-189))?
3, 17
Let l be (2 - -1) + (7 - 9) + 233. Suppose 4*f = 2*f + l. What are the prime factors of f?
3, 13
Let p = 1894 - 1404. List the prime factors of p.
2, 5, 7
Let x(h) = 96*h**2 - 3*h + 1. Let c be x(1). Let w = c - -37. List the prime factors of w.
131
Suppose -26*t = -15897 - 48661. List the prime factors of t.
13, 191
Let x(j) = -90*j**3 + 3*j**2 + 11*j - 5. What are the prime factors of x(-4)?
13, 443
Suppose -40*l - 4*r - 3964 = -44*l, 2*l = 3*r + 1980. What are the prime factors of l?
3, 331
Suppose -2 = -2*m + c, 3*c = -m + 7*c + 1. Let g = -92 + 132. List the prime factors of 1/(g/38 - m).
19
Suppose 5*u = 5*t + 10, 0*u + 4*t = 3*u - 9. Let a be 18/9 - 64*u. Suppose 4*p + a = 2*y, -3*y + 2 + 42 = 5*p. List the prime factors of y.
23
Let d be (-7944)/(-40) + 4/10. Suppose -3*v + 592 - d = 0. What are the prime factors of v?
131
Let w = 15 - 10. Let i be -4 - -2 - 15/(-3). Suppose -v + i*c = -35, 5 = v + 2*c - w. List the prime factors of v.
2, 5
What are the prime factors of 2/6 - (4 + 6025/(-15))?
2, 199
Let l(z) = 26*z**3 + 2*z**2 - 2. Let w(i) = 52*i**3 + 4*i**2 - 4. Let g(d) = 13*l(d) - 6*w(d). List the prime factors of g(1).
2, 13
Let k(o) = 3*o**2 + 13*o - 26